17
Calculate the greatest common factor of 11 and 714637.
11
Calculate the highest common factor of 79 and 709.
1
Calculate the greatest common factor of 27087 and 15.
3
What is the highest common divisor of 91 and 49127?
13
What is the greatest common factor of 200 and 156900?
100
Calculate the highest common factor of 9269 and 52.
13
What is the highest common divisor of 135473 and 1326?
221
Calculate the greatest common divisor of 27311 and 806.
31
Calculate the greatest common divisor of 380110 and 5.
5
Calculate the greatest common divisor of 62643 and 21147.
399
What is the highest common divisor of 1633 and 115483?
23
What is the greatest common divisor of 306095 and 435?
145
What is the greatest common divisor of 225992 and 26?
26
What is the highest common divisor of 8730 and 54?
18
Calculate the greatest common divisor of 12 and 345516.
12
What is the highest common divisor of 515 and 160?
5
Calculate the greatest common divisor of 40797 and 54.
27
What is the greatest common divisor of 69745 and 111?
37
What is the greatest common factor of 705 and 12345?
15
Calculate the greatest common divisor of 1296 and 108540.
324
Calculate the greatest common factor of 391030 and 50.
10
Calculate the highest common factor of 251241 and 5045.
1009
What is the highest common divisor of 1624 and 4123?
7
Calculate the highest common divisor of 8777286 and 63.
63
Calculate the greatest common factor of 1159 and 8601.
61
Calculate the highest common divisor of 59024 and 899.
31
Calculate the greatest common divisor of 345269 and 14576.
911
Calculate the highest common divisor of 6141 and 534.
267
Calculate the greatest common factor of 21 and 53515.
7
Calculate the highest common factor of 25076480 and 220.
220
What is the greatest common factor of 18408 and 14573?
767
Calculate the greatest common factor of 484 and 2326225.
121
Calculate the highest common divisor of 63756 and 55044.
396
Calculate the highest common factor of 3153920 and 770.
770
Calculate the highest common divisor of 956 and 71222.
478
Calculate the greatest common divisor of 279400 and 375.
25
What is the greatest common factor of 49 and 4375?
7
What is the greatest common divisor of 22 and 206?
2
Calculate the highest common divisor of 5265 and 1521.
117
Calculate the highest common factor of 3195 and 14990.
5
Calculate the greatest common divisor of 2810 and 2110.
10
What is the highest common factor of 4821 and 75?
3
What is the highest common divisor of 196 and 1524782?
98
What is the greatest common factor of 23 and 675809?
23
What is the greatest common factor of 282539 and 67?
67
What is the greatest common factor of 3198 and 1326?
78
Calculate the highest common divisor of 411160 and 760.
760
Calculate the highest common divisor of 10 and 7358.
2
Calculate the greatest common factor of 89823 and 6.
3
What is the greatest common factor of 157366 and 5106?
46
What is the highest common factor of 40064 and 128?
128
Calculate the greatest common divisor of 6489 and 49455.
63
Calculate the highest common factor of 1595 and 9280.
145
What is the greatest common factor of 212057 and 2?
1
What is the greatest common divisor of 1808 and 2776?
8
What is the highest common factor of 470568 and 504?
168
Calculate the highest common factor of 1077622 and 13.
13
Calculate the highest common factor of 299 and 1817.
23
Calculate the greatest common factor of 442 and 582998.
442
Calculate the greatest common factor of 243 and 13599.
9
Calculate the greatest common divisor of 249782 and 16997.
739
Calculate the highest common factor of 17284 and 6206.
58
What is the highest common divisor of 1408 and 2674144?
352
Calculate the greatest common divisor of 130768 and 4928.
176
Calculate the greatest common divisor of 84495 and 1005.
15
Calculate the greatest common divisor of 178458 and 36162.
294
What is the greatest common divisor of 3872 and 363?
121
Calculate the highest common factor of 759577 and 17017.
1547
Calculate the greatest common factor of 34 and 114937.
17
Calculate the greatest common factor of 630 and 130.
10
Calculate the highest common factor of 300360 and 720.
120
What is the highest common divisor of 391 and 1633?
23
Calculate the greatest common divisor of 13 and 6206109.
13
What is the highest common divisor of 7018 and 11858?
242
What is the greatest common factor of 129 and 746824?
43
Calculate the highest common factor of 3460 and 4325.
865
What is the highest common factor of 158300 and 2?
2
Calculate the greatest common divisor of 657504 and 1152.
288
Calculate the greatest common factor of 107026 and 354.
118
Calculate the highest common factor of 872 and 784.
8
Calculate the greatest common divisor of 18568 and 968.
88
What is the greatest common divisor of 122832 and 3168?
144
Calculate the highest common factor of 3474 and 11538.
18
Calculate the greatest common factor of 1809 and 25488.
27
What is the highest common divisor of 42630 and 9570?
870
What is the greatest common divisor of 1040 and 322790?
130
What is the greatest common divisor of 537218 and 22?
22
Calculate the greatest common divisor of 100 and 2296300.
100
Calculate the greatest common factor of 1008629 and 1115.
223
What is the greatest common factor of 1107 and 1056816?
369
Calculate the greatest common divisor of 2414412 and 154.
154
What is the highest common divisor of 45345 and 1035?
15
Calculate the highest common factor of 16 and 275128.
8
What is the greatest common divisor of 1653 and 7221?
87
Calculate the highest common divisor of 497 and 134834.
7
Calculate the greatest common factor of 115523 and 1.
1
Calculate the highest common divisor of 805683 and 4878.
813
What is the highest common factor of 2438 and 63494?
106
What is the greatest common factor of 340 and 9098?
2
What is the highest common divisor of 1127 and 368?
23
Calculate the highest common factor of 85144 and 1160.
232
Calculate the highest common divisor of 157927 and 4312.
539
Calculate the greatest common factor of 1102995 and 2413.
127
Calculate the highest common divisor of 1022721 and 42.
21
What is the greatest common factor of 2284 and 428?
4
Calculate the greatest common divisor of 1645 and 739545.
235
What is the highest common divisor of 4913 and 578?
289
Calculate the highest common factor of 1496 and 66.
22
What is the greatest common divisor of 544293 and 24403?
1061
What is the greatest common divisor of 3820 and 2434295?
955
What is the highest common divisor of 3820 and 36?
4
What is the greatest common divisor of 120100 and 125?
25
What is the highest common divisor of 17071 and 2779?
397
What is the greatest common factor of 819105 and 315?
105
What is the greatest common divisor of 57021 and 7221?
249
What is the greatest common factor of 1061626 and 62?
62
What is the greatest common divisor of 34927 and 1643?
53
Calculate the highest common factor of 285 and 607715.
95
What is the highest common factor of 32391 and 43920?
549
What is the greatest common factor of 39673 and 388?
97
What is the highest common divisor of 61 and 21899?
61
Calculate the highest common divisor of 592 and 73852.
148
Calculate the highest common factor of 32092 and 1988.
284
Calculate the greatest common divisor of 1102293 and 9.
9
Calculate the highest common divisor of 365508 and 351.
117
What is the greatest common factor of 597 and 7001019?
597
Calculate the greatest common factor of 3840 and 26120.
40
Calculate the highest common factor of 265275 and 150.
75
What is the greatest common divisor of 60 and 113660?
20
Calculate the highest common factor of 155 and 113615.
155
Calculate the greatest common divisor of 18330 and 20085.
195
Calculate the highest common divisor of 70 and 304605.
35
Calculate the highest common factor of 2349 and 2943.
27
Calculate the highest common divisor of 415734 and 66.
66
What is the highest common divisor of 551 and 40907?
19
Calculate the highest common divisor of 9169 and 1384.
173
Calculate the highest common factor of 58158 and 4293.
81
What is the highest common divisor of 318 and 20299?
53
What is the highest common divisor of 97226 and 281?
281
What is the greatest common divisor of 7146 and 743978?
794
Calculate the greatest common factor of 60 and 922890.
30
What is the